t n(g) = -g**3 - g**2 + 5*g + 3. Let d be (-2)/((-4)/1)*4. What is the remainder when 2 + d + 7/1 is divided by n(-3)?
5
Let t = -83 - -216. Calculate the remainder when t is divided by 46.
41
Let c be (-1 - (-36)/15)*5. Suppose 2*u + c = 3, -r - 5*u = -4. Calculate the remainder when r is divided by 4.
2
Suppose 3*t - 132 = -t. Let b = t - 20. Let y = -17 - -42. Calculate the remainder when y is divided by b.
12
Let j = -40 - -68. Let x = j - 1. Let u = 15 + -1. What is the remainder when x is divided by u?
13
Suppose j + 2*n = -2*j + 19, 3*j - 3*n = 39. Let y = -127 + 151. Calculate the remainder when y is divided by j.
6
Let p(a) = 2*a - 4. Let s(x) = -2*x + 5. Let q(i) = 3*p(i) + 2*s(i). Let j be q(-5). Let l = j + 24. Calculate the remainder when 34 is divided by l.
10
Suppose 16 = -2*g + 5*f + 5, -4*g - 2*f = -38. What is the remainder when 10 is divided by g?
3
Calculate the remainder when 14 is divided by (12/2)/(22/11).
2
Suppose p + 3*p - 3*w - 12 = 0, 0 = 3*p + 3*w - 30. What is the remainder when 46 is divided by p?
4
Suppose 6*m = 3*m + 6, 5*l - m = -12. Let b be 0/((-3 - -1)/l). Suppose -3*c + 0*c + 9 = b. Calculate the remainder when 8 is divided by c.
2
Let w(g) = g**3 + 6*g**2 + 7*g + 6. Let j be w(-5). Let y = -37 - -56. Calculate the remainder when -1 + 1 + (52 - j) is divided by y.
18
Suppose -4*c - 2 = -5*c. Let p(j) = -j**3 + 6*j**2 - 4*j - 4. Calculate the remainder when 69*(c - (-5)/(-3)) is divided by p(4).
11
Let x(t) be the second derivative of -2*t**3/3 + t**2/2 - t. Suppose -11 = -5*n + 9, -s + 2*n + 29 = 0. What is the remainder when s is divided by x(-3)?
11
Suppose 0 = -2*s - 0*s + 4. Suppose v + 2*z = -1, -3*v = -0*v - s*z - 21. Let u = 45 - 32. What is the remainder when u is divided by v?
3
Suppose -5*l + 33 = -7. Suppose 0 = 2*k + 2*s + 16, -2*s - 4 = k - 0*s. Let t = k + 41. Calculate the remainder when t is divided by l.
5
Suppose 4*g = -g + 20. What is the remainder when g is divided by 4?
0
Suppose 0 = -11*r + 8*r + 63. Calculate the remainder when 102 is divided by r.
18
What is the remainder when 3/(-24)*6 + (-1086)/(-8) is divided by 17?
16
Suppose -n + 5*u + 38 = 0, 2*n - 4 = -5*u + 57. What is the remainder when 96 is divided by n?
30
Suppose 4*i - 60 = -i. What is the remainder when 47 is divided by i?
11
Suppose -3*i = -i - 48. What is the remainder when 93 is divided by i?
21
Suppose 0 = -8*m + 96 + 184. Calculate the remainder when m is divided by 12.
11
Let s = 6 + 24. Calculate the remainder when s is divided by 11.
8
Let d be 5 + (-2 - (0 - 1)). Suppose -r = d*r - 85. Suppose b + 3*b = 200. Calculate the remainder when b is divided by r.
16
Suppose 0 = -4*k + 38 + 18. Suppose -4*d = 3*b - 136, 0 = 5*d - 22 + 2. What is the remainder when b is divided by k?
12
What is the remainder when (-168)/15*(-9 + 2 + 2) is divided by 12?
8
Let j = 99 - 53. Let z = 1 - -1. Suppose -4*a - 5*y + j = 0, -a = -0*a - z*y - 5. What is the remainder when 25 is divided by a?
7
Let i be -2*3*5/10. What is the remainder when (1 - -41)/((-6)/(-4)) is divided by (10/1)/((-2)/i)?
13
Suppose -3 = -3*l - 3*y, 0*l + 3*l - 4 = -2*y. Suppose 4*r = 4*u - 672, 0 = u + l*r - 50 - 106. Calculate the remainder when ((-3)/(-6))/(2/u) is divided by 14.
13
Calculate the remainder when -2 + -4 + 2 + 71 is divided by 14.
11
Suppose 2*x - 3 = 5, -3*x = 5*p - 187. Let w = 24 - 6. Calculate the remainder when p is divided by w.
17
Let i(a) = -a + 1. Suppose 6*x - 3*x = 54. Calculate the remainder when x is divided by i(-6).
4
Suppose -4*d + 2*d = -24. Let t(x) = -x**3 + 10*x**2 - 10*x + 8. Let z be t(9). Calculate the remainder when -1*(38/z + 3) is divided by d.
11
Let q(n) = 5*n + 22. Suppose -3*r - 2*r = -75. Calculate the remainder when q(7) is divided by r.
12
Suppose 5*n - 7 = 93. Calculate the remainder when n is divided by 11.
9
Let h(o) = -o**3 + 8*o**2 - 3*o - 14. What is the remainder when 119 is divided by h(6)?
39
Let f = -22 - -43. Suppose 46 + 75 = 11*v. Calculate the remainder when f is divided by v.
10
Suppose 2*d + 15 = 63. Calculate the remainder when 93 is divided by d.
21
Let j = -26 + 30. Calculate the remainder when 11 is divided by j.
3
Let s(a) = a**2 + 2*a + 2. What is the remainder when s(-4) is divided by 6?
4
Let v be -1 + (-2)/(-1) + 2. Let i be (-6)/v - (0 + -2). Suppose -2*t + 24 - 10 = i. What is the remainder when t is divided by 4?
3
Let y(b) = -b - 1. What is the remainder when 61 is divided by y(-14)?
9
Let n(a) = -5*a - 7. What is the remainder when 94 is divided by n(-11)?
46
Suppose 5*j - 2*o = 26, -j + 0 = -2*o - 2. What is the remainder when 14 is divided by j?
2
Suppose 3*x = -2*x - 45. Let f = 85 - 64. Let u = f + x. Calculate the remainder when 35 is divided by u.
11
Suppose -a + 34 = -3*b + 3, -3 = b. Calculate the remainder when a is divided by 14.
8
Let d = 0 - -62. Calculate the remainder when d is divided by 0/2 + 48/3.
14
Suppose -34 = 2*u - 202. Suppose 0*y + u = 2*y. Calculate the remainder when y is divided by 11.
9
Suppose -5*i = -190 - 140. Suppose -3 = 3*a - 4*a + 5*r, 4*r - i = -3*a. Calculate the remainder when 35 is divided by a.
17
Let h(s) = 2 - s - 6*s + 2*s. Calculate the remainder when 34 is divided by h(-2).
10
Suppose 4*l - x + 2*x = 30, l + 4*x = 0. What is the remainder when 16 is divided by l?
0
Suppose -9 = -5*q + 1. Calculate the remainder when (1/q)/(5/50) is divided by 3.
2
Let h = 30 + -13. What is the remainder when h is divided by 7?
3
Suppose 5*t + 19 = 6*t. What is the remainder when 55 is divided by t?
17
Let o(a) = -2*a**3 - 2*a**2 - 4*a - 2. Calculate the remainder when 236 is divided by o(-2).
12
Suppose 0 = 2*y + 1 - 7. Suppose -2*p - 3*a = 9, -6*a = -4*p - 8*a + 2. What is the remainder when p is divided by y?
0
Let a = -44 - -47. Calculate the remainder when 11 is divided by a.
2
Let o be (-93)/(-4) + 3/4. Let x = 45 + o. Calculate the remainder when x is divided by 18.
15
Suppose 2*b - 52 = 12. Calculate the remainder when 61 is divided by b.
29
Let o be (-3 - -51 - -2)/2. Let g = -10 + o. Let f = 30 - g. What is the remainder when 59 is divided by f?
14
Let m(j) = j**3 + 5*j**2 + 4*j. Let r be m(-3). Suppose o - r = -2. Suppose 0 = 7*g - 55 + 41. Calculate the remainder when o is divided by g.
0
Suppose 5*t + 0*z = -4*z + 11, 3*t + z = 1. What is the remainder when (2 - 45)*(t + 0) is divided by 15?
13
Let d(a) = -a**2 + 15*a + 9. Calculate the remainder when 90 is divided by d(14).
21
Let i = -8 - -29. Let d = 292 + -231. Calculate the remainder when d is divided by i.
19
Suppose 3*t + 11 = 3*j - 4, -26 = -2*j - 2*t. Let f = j - 6. Suppose f*c - c = 14. Calculate the remainder when 19 is divided by c.
5
Suppose -5*g = -0*g - 15. What is the remainder when 23 is divided by g + (-27)/((-3)/1)?
11
Suppose -3*w - 25 - 11 = 0. Suppose -2*h = 2*h + 156. Let l = w - h. Calculate the remainder when l is divided by 15.
12
Suppose 53 - 10 = o. Calculate the remainder when o is divided by 22.
21
Calculate the remainder when 68 is divided by (-8)/(-44) - 251/(-11).
22
Suppose 0 = -2*h - 4*o + 2*o + 94, 0 = 2*h - 3*o - 79. What is the remainder when h is divided by 16?
12
Let v(x) = -x**3 + 13*x**2 - 9*x - 7. Calculate the remainder when 56 is divided by v(12).
27
Let j(k) = -k + 6. What is the remainder when j(-7) is divided by 7?
6
Let n(d) = -d**2 + 11*d - 12. Let m be 52/6 + (-9)/(-27). What is the remainder when n(m) is divided by 2?
0
Let t = -14 + 21. What is the remainder when (-2)/6 - 40/(-3) is divided by t?
6
Suppose -22 = 2*i - 32. Suppose -96 = -i*g - d + 51, -d = -4*g + 123. What is the remainder when 117 is divided by g?
27
What is the remainder when 36/(-3)*(-6)/8 is divided by 4?
1
Suppose l - 1 = -3*m, 15 = -5*l + 2*l. Calculate the remainder when 5 is divided by m.
1
Let p(b) = -2*b - 11. Suppose -2*n + 10 = 26. Calculate the remainder when 17 is divided by p(n).
2
Suppose 3*g = 2*g - 2. What is the remainder when 3 + 17 + -2 - g is divided by 69/9 + 2/(-3)?
6
Suppose -3*p = 2*p - 5. Suppose -p - 7 = -4*h. Suppose -h*f - q = 3*q - 48, 5*q + 83 = 4*f. What is the remainder when f is divided by 12?
10
Suppose -5*g + 10 = -i, 3*g = 2*g + 5. Let f = 1 + 0. What is the remainder when -43*(f + 0 + -2) is divided by i?
13
Let m(v) = 12*v - 16. 